et g be (v/20)/(2/(-8)). Let y = g - -174. Is y a composite number?
False
Suppose u + 19 = 4*x - 4*u, 0 = -5*x - u + 31. Let q be (1 + (-2)/3)/(40/360). Is (508/x)/(2/q) a prime number?
True
Let q = 1190 - -1409. Is q composite?
True
Suppose -5*s + r = -s - 41138, 0 = 4*r + 8. Suppose 8*z - 1532 = s. Is z a prime number?
False
Suppose -5*h - 2*r = 28, -2*r + 16 = -6*r. Is (h/6)/((-36)/11286) a composite number?
True
Suppose 0 = -4*n + h + 14, -2*n - 5*h - 22 = -6*n. Suppose -4*z + 2*d = -2*d - 2768, -n*d + 680 = z. Is z a prime number?
False
Suppose 4*z - 1415 = -w, 3*w = -3*z + 2*z + 4256. Let x = -378 + w. Is x composite?
True
Let y = 6 + -6. Let u(k) = k**3 - k**2 + 81. Let d be u(y). Let z = 140 - d. Is z a composite number?
False
Is (-1 + 2)*(196 - (-15 - -8)) a composite number?
True
Suppose 21*f - 38096 = 17*f + 3*h, 3*f - 28547 = -4*h. Is f a prime number?
True
Let f(q) = -q**2 - 15*q - 3. Let i be f(-13). Let n = i + -18. Suppose n*g = 5*y + 560, 2*g + y - 233 = -0*y. Is g composite?
True
Is (-6)/36 + (-567931)/(-42) composite?
True
Suppose 2*s = s + 3. Suppose 5 = s*k - 7. Is (5 - k) + 1044 + -2 composite?
True
Let h(z) = 282*z + 17. Is h(3) a composite number?
False
Let v = 4 - 8. Let f(q) be the second derivative of -q**3 + q**2 + 4*q - 12. Is f(v) prime?
False
Let i(z) be the second derivative of -22/3*z**3 - 1/2*z**2 + 5*z + 0. Is i(-3) composite?
False
Let f(o) = -3*o**3 + 3*o**2 + 3*o + 1. Is f(-6) composite?
False
Let u(q) = q**3 - q**2 - 2*q - 1. Let b be u(-1). Is (-179)/(-2) - -1*b/2 a composite number?
False
Let p be (12/(-42))/(2/(-14)). Suppose 5*d - d - 902 = 5*h, 3*h = -p*d - 550. Is 1*2/(-4)*h composite?
True
Let z be 920/32*4*-1. Is (z - -1)*(-1)/2 a composite number?
True
Suppose 3*o = -2*y + 13515, -3*o + 13536 = 4*y - 9*y. Is o a composite number?
False
Let a = -738 + 1537. Let i = 1290 - a. Is i a prime number?
True
Let u = -10420 + 14801. Is u composite?
True
Suppose o = m + 17, 2*o - 14 = -0*o - 3*m. Suppose -3*s = o*s - 15728. Is s a prime number?
True
Let d = 4 - 0. Suppose 3*v + 28 = -v + 2*a, d*a + 10 = -3*v. Let w(t) = -t**3 - 3*t**2 - 9*t - 1. Is w(v) prime?
False
Is (33/6)/((-6)/(-4764)) composite?
True
Suppose 0 = 5*p - 5*b - 2 - 3, -4*b + 8 = 0. Let c = p - 1. Suppose k + 3*g = -k + 109, 0 = c*k - g - 105. Is k prime?
True
Let m(b) = 18*b + 18. Let y be m(13). Suppose -n + 3*n = y. Suppose -431 = -r + n. Is r a composite number?
False
Suppose 2*q = -4*f + 7658, -q + 7654 = q + 3*f. Is q composite?
False
Suppose z - 3*r - 2269 = 0, -4*z - 4*r = -2*z - 4538. Is z a prime number?
True
Suppose -3*y = -2*l + 1363, -4855 + 1482 = -5*l - 4*y. Is l a prime number?
True
Suppose 4*h = -5*m - 7 - 39, -2*m - 4 = 0. Is ((-334)/4)/(h/18) prime?
True
Suppose 0 = -2*l - 1288 - 5712. Suppose -4*k + 28 = -3*c - 5, 2*k + 3*c - 21 = 0. Is (-2)/k - l/36 a composite number?
False
Let x = -3 - -10. Let t = 3 - x. Is (66/t)/((-9)/12) prime?
False
Let d = 37453 + -13496. Is d a prime number?
True
Suppose 13830 - 274 = 4*o. Is o a prime number?
True
Let g = -52 + 52. Suppose 0 = -2*x + 6*x + l - 2331, g = l + 1. Is x a composite number?
True
Let v(q) = -q**2 + 8*q - 16. Let a be v(5). Let r be (-4 + a)*1991/(-11). Let g = r - 532. Is g prime?
True
Let a = 2467 + -1410. Is a prime?
False
Suppose -3*u - 4 = -10. Suppose -h = u*h + 405. Let m = 428 + h. Is m a prime number?
True
Suppose -v - 2947 = -12548. Is v a prime number?
True
Suppose -5*g = -8*g + 13239. Is g a composite number?
True
Suppose -4*x = 4*c - 179252, 7*x - 5*x + c = 89622. Is x prime?
True
Suppose -3*y = 3*v - 17136 - 37137, -5*y = -2*v + 36168. Is v composite?
False
Let y(r) = r**3 - 3*r**2 - 4*r + 2. Let w be y(4). Suppose -3*a = w*a + 10, -5*a + 6041 = 3*i. Is i a prime number?
True
Suppose 4*a - 7*a + 3618 = w, -5*w = -a + 1222. Is a prime?
False
Let i be (-222)/(-11) + 4/(-22). Suppose 0 = d + 2*z + z + 13, -5*d = -3*z + 47. Let a = d + i. Is a prime?
False
Suppose 140*h - 72578 = 129*h. Is h prime?
False
Suppose 5*v - 35960 = 4*b - 9*b, -3*b - 2*v = -21571. Is b prime?
True
Let y(n) = -4*n**3 - 4*n**2 - 10*n + 6. Let c be y(-10). Suppose 4*a = 22 + c. Suppose a = -q + 5*q. Is q composite?
False
Is (-4 + -2 - -137)*2/2 composite?
False
Let a be ((-182)/(-39))/(2/6). Let q be 6/(-21) - (-46)/a. Suppose 565 + 195 = 4*z - 4*v, -3*z = q*v - 576. Is z prime?
True
Let d = 8 - 13. Let w(s) = -s - 3. Let b be w(d). Is (20/(-30))/(b/(-669)) a prime number?
True
Suppose -33*o + 3*h = -32*o - 37432, 2*h = -3*o + 112329. Is o a prime number?
True
Let u be (-3)/1 + 7 + -2. Let m be (-4 + u)/(6/(-9)). Suppose 4*t = m*t + 373. Is t a composite number?
False
Suppose 5*d + 5 + 10 = 0. Is -1 - ((-1542)/1 + 1 + d) prime?
True
Suppose 7*w + 57 = -3*k + 4*w, -2*w = 0. Let l = 29 + k. Is 545/l + (-6)/4 a composite number?
False
Let g = 10991 - 2524. Is g prime?
True
Let d(z) be the third derivative of -11*z**4/6 + z**3/6 + 4*z**2. Let m = -7 + 1. Is d(m) a composite number?
True
Is (2/6)/((-7)/(-1050735)*5) a prime number?
True
Let a be 2324/4 + -3 - (3 - 2). Let n = a + -366. Is n a composite number?
False
Suppose 1456 = -0*x + 4*x. Suppose 2*f + 744 = 4*z, 2*z + f = -0*f + x. Let d = -35 + z. Is d composite?
False
Is 1367 - 17/(153/54) a composite number?
False
Let f = -65 - -66. Is (1 - -250)/((f - 4)/(-3)) prime?
True
Let n = -2 - -8. Let a(h) = 329*h**3 + h**2. Let c be a(1). Suppose -c = n*o - 1092. Is o a composite number?
False
Is 2/3 + (-120875)/(-15) a prime number?
True
Let h be 30/10 + (-3)/(-1). Let n be 890/4 + h/4. Suppose 5*v + n - 77 = x, -5*v + 488 = 4*x. Is x prime?
True
Suppose -2*y + 0*y = 3*u - 21727, -5*y - 5 = 0. Is u a prime number?
True
Let u be 4/3 + (-8)/(-12). Let x(o) = -u*o + 0*o**2 + 1 + 145*o**3 + 0*o**2 + 5*o**3. Is x(1) a prime number?
True
Suppose 4*v - 35 = 89. Suppose 6385 + v = 4*q. Let m = 153 + q. Is m a composite number?
True
Suppose 4278 + 2267 = 4*a - 3*i, -2*a + 5*i + 3269 = 0. Is a a prime number?
True
Suppose 0 = -3*d + 6, 0 = 5*f - 0*f - 4*d - 6722. Is f prime?
False
Let w(l) = 6*l**3 + 8*l**2 - 12*l + 5. Is w(6) composite?
True
Let l(g) = -8*g**3 - g**2 - 2*g - 1. Let q be l(-1). Suppose 7*w - 3*w = q. Suppose w*o + 5*o - 133 = 0. Is o a prime number?
True
Suppose 0 = -a + 4*l + 216, -3*l - 2 = 4. Suppose -2*v = 4*p - a, -v = p - 25 - 26. Is p prime?
True
Is (-1)/(((-1)/(-22966))/(1/(-2))) composite?
False
Let q(c) = -c**2 - 6*c + 3. Suppose -7*t - 22 = 6. Is q(t) prime?
True
Let x = -600 + 945. Let z = 908 + x. Is z a prime number?
False
Let q = 19 + -15. Suppose -603 = q*j - 2959. Is j prime?
False
Suppose 9*f - 335114 = -17*f. Is f composite?
False
Suppose -30 = -4*k - 14. Suppose 221 = k*r - 39. Is r a prime number?
False
Let q(k) be the third derivative of k**4/24 + 5*k**3/2 - 10*k**2. Let i be q(-6). Suppose 12*n - i*n = 669. Is n composite?
False
Let q be (16/20)/(3/4935). Let a = q + -544. Suppose -4*m + 0*m + 12 = 0, m = 5*v - a. Is v prime?
False
Let q(k) = k**3 + 11*k**2 + 12*k + 17. Let x be q(-10). Is x + (-4 - -3) + 17 a composite number?
False
Suppose -497*j = -509*j + 61692. Is j composite?
True
Let v = 2289 - -12226. Is v a composite number?
True
Suppose 2*n + 2*g - 6 = -g, n - g - 3 = 0. Suppose -20 = -n*y - 8. Suppose -5*w - y*o = -2*w - 191, 3*o = -3*w + 195. Is w composite?
True
Let k = -569 + 2179. Suppose 2*n - 1020 = -5*x, -5*n - 4*x = -k - 957. Is n prime?
False
Let f(r) = -9*r**3 - 11*r**2 - 4*r - 7. Let n(j) = -j**3 - 5*j**2 + j - 2. Let k be n(-5). Is f(k) a prime number?
False
Suppose 4*j = -4*o + 22036, 0 = 2*o + 3*j - 4*j - 11012. Is o prime?
True
Let r(a) = 112*a**2 + 18*a + 79. Is r(-12) prime?
True
Suppose -3*g + 5*k + 3615 = 0, -3*g + 3615 = 2*k - 4*k. Is g a composite number?
True
Let a(i) = i**2 - 9*i - 10. Let w = 26 - 16. Let p be a(w). Suppose q - 144 - 59 = p. Is q prime?
False
Let d(u) = 63*u**3 + 3*u**2 + 13. Is d(3) a composite number?
False
Suppose -3*n - 3*l + 1749 = 0, n - 457 = 2*l + 138. Is n a composite number?
False
Suppose -s = -5*s - 16. Let p = 3 + s. Is 111*(-1 + p)/(-6) prime?
True
Is (-2211720)/(-84)*(-2)/(-4) composite?
True
Suppose -4*t = 5*u - 208595, -2*u + 40*t = 42*t - 83438. Is u prime?
True
Suppose 5*j + 4*b - 27857 = 0, 6*j = 9*j + b - 16710. Is j a composite nu